
Is 62861 composite?
False
Is 108331 prime?
False
Is 681971 prime?
True
Is 1259 prime?
True
Is 2153 a composite number?
False
Is 157711 a composite number?
True
Is 675443 a composite number?
True
Is 157129 prime?
False
Is 6127 a composite number?
True
Is 325063 prime?
True
Is 36887 composite?
False
Is 133689 a composite number?
True
Is 21083 a composite number?
True
Is 84685 a composite number?
True
Is 1242977 prime?
True
Is 6399491 a composite number?
True
Is 115727 composite?
False
Is 143138 a composite number?
True
Is 3463205 prime?
False
Is 21223 a prime number?
False
Is 866 a composite number?
True
Is 13163 a prime number?
True
Is 13522 a composite number?
True
Is 5878369 a prime number?
False
Is 13781 composite?
False
Is 9382 prime?
False
Is 31561 composite?
True
Is 194239 a prime number?
True
Is 179591 composite?
False
Is 3587 a prime number?
False
Is 304813 a prime number?
True
Is 25394 composite?
True
Is 347 a composite number?
False
Is 69907 a composite number?
True
Is 5077 a prime number?
True
Is 731 prime?
False
Is 561502 composite?
True
Is 29983 a prime number?
True
Is 2307 a composite number?
True
Is 323749 a prime number?
False
Is 3172567 prime?
True
Is 2278007 composite?
False
Is 29257 prime?
False
Is 6197 composite?
False
Is 1165447 a composite number?
False
Is 10559 composite?
False
Is 56941 prime?
True
Is 49505 a prime number?
False
Is 581443 composite?
False
Is 88721 prime?
True
Is 263369 a prime number?
True
Is 5623 a prime number?
True
Is 5851 composite?
False
Is 75689 prime?
True
Is 6769 a composite number?
True
Is 65519 prime?
True
Is 31597 a composite number?
True
Is 8111 prime?
True
Is 106991 prime?
False
Is 234035 composite?
True
Is 3742 prime?
False
Is 66841 a prime number?
True
Is 2785 a prime number?
False
Is 3658565 composite?
True
Is 182921 composite?
False
Is 292763 prime?
False
Is 112857 composite?
True
Is 48731 a composite number?
False
Is 5779 composite?
False
Is 703379 composite?
False
Is 11377 a prime number?
False
Is 4201 prime?
True
Is 11377 composite?
True
Is 38543 a composite number?
False
Is 1361 composite?
False
Is 3746 composite?
True
Is 3943 composite?
False
Is 53503 prime?
True
Is 587 a prime number?
True
Is 9007 prime?
True
Is 434293 a composite number?
False
Is 416479 composite?
True
Is 818093 a composite number?
False
Is 46213 a composite number?
True
Is 2771 a composite number?
True
Is 1336333 prime?
True
Is 15406 a composite number?
True
Is 238897 composite?
False
Is 1291877 composite?
False
Is 3457 a composite number?
False
Is 1361 composite?
False
Is 3505 prime?
False
Is 867371 a composite number?
False
Is 428057 composite?
True
Is 4197 a prime number?
False
Is 86539 a composite number?
False
Is 1003307 composite?
False
Is 74147 prime?
False
Is 4391 a composite number?
False
Is 481433 a composite number?
False
Is 1655143 composite?
True
Is 1721035 a composite number?
True
Is 393767 a composite number?
True
Is 22094 composite?
True
Is 10903 composite?
False
Is 22267 prime?
False
Is 725317 prime?
True
Is 15259 a prime number?
True
Is 91243 a prime number?
True
Is 152953 prime?
True
Is 13043 composite?
False
Is 22247 composite?
False
Is 28562 a composite number?
True
Is 112973 a prime number?
False
Is 100829 a prime number?
True
Is 1657 composite?
False
Is 483583 prime?
False
Is 20417 composite?
True
Is 105199 a prime number?
True
Is 372353 a composite number?
False
Is 83033 a prime number?
False
Is 44951 composite?
True
Is 50603 prime?
False
Is 111731 composite?
False
Is 14051 a prime number?
True
Is 96491 a composite number?
True
Is 38431 a prime number?
True
Is 106957 prime?
True
Is 501 composite?
True
Is 1895 a composite number?
True
Is 1213 composite?
False
Is 240253 a composite number?
True
Is 4593 prime?
False
Is 1283033 composite?
True
Is 515761 a prime number?
True
Is 2021257 a composite number?
True
Is 146719 a prime number?
True
Is 69313 composite?
False
Is 80277 prime?
False
Is 347 a prime number?
True
Is 253087 prime?
False
Is 566435 prime?
False
Is 514229 prime?
True
Is 438329 a prime number?
True
Is 379103 a prime number?
True
Is 15557 a composite number?
True
Is 1452355 composite?
True
Is 6065 composite?
True
Is 3799 a composite number?
True
Is 13163 a prime number?
True
Is 367467 prime?
False
Is 1186097 composite?
True
Is 445069 composite?
False
Is 79967 composite?
False
Is 2161 a composite number?
False
Is 6637 prime?
True
Is 8818 a prime number?
False
Is 25667 a prime number?
True
Is 4126 composite?
True
Is 156347 a prime number?
True
Is 615047 prime?
True
Is 5141 a prime number?
False
Is 4055 composite?
True
Is 955 a prime number?
False
Is 111029 composite?
False
Is 6289 prime?
False
Is 54601 a prime number?
True
Is 617347 a composite number?
True
Is 51893 a composite number?
False
Is 178489 a prime number?
True
Is 762479 a prime number?
True
Is 1915679 a prime number?
False
Is 26387 a prime number?
True
Is 45647 prime?
False
Is 211559 a composite number?
False
Is 75869 a composite number?
False
Is 1693 a composite number?
False
Is 44185 a prime number?
False
Is 9637 a prime number?
False
Is 8261 prime?
False
Is 484379 a composite number?
True
Is 7403 prime?
False
Is 153193 a prime number?
False
Is 295 a prime number?
False
Is 44069 a composite number?
True
Is 47993 a composite number?
True
Is 1553 a prime number?
True
Is 750961 a composite number?
False
Is 3163 a prime number?
True
Is 1137 composite?
True
Is 7177 a prime number?
True
Is 3059813 a prime number?
False
Is 851465 a composite number?
True
Is 89221 composite?
True
Is 769 composite?
False
Is 583949 composite?
True
Is 260111 composite?
False
Is 112087 prime?
True
Is 10037 a prime number?
True
Is 33339 a prime number?
False
Is 485 a composite number?
True
Is 15389 prime?
False
Is 879943 a prime number?
False
Is 9719 prime?
True
Is 9643 prime?
True
Is 118753 a prime number?
False
Is 92542 composite?
True
Is 9677 composite?
False
Is 290363 composite?
True
Is 137143 composite?
False
Is 6547 composite?
False
Is 122709 a prime number?
False
Is 280895 a composite number?
True
Is 4819 composite?
True
Is 79103 composite?
False
Is 88643 composite?
False
Is 1681003 prime?
True
Is 285247 composite?
True
Is 521 composite?
False
Is 45763 a prime number?
True
Is 6389 prime?
True
Is 246343 composite?
False
Is 2359 a composite number?
True
Is 621059 a composite number?
False
Is 146841 a prime number?
False
Is 468757 a composite number?
True
Is 47911 a composite number?
False
Is 34841 composite?
False
Is 1795619 prime?
False
Is 6247 a prime number?
True
Is 274271 prime?
True
Is 76199 prime?
False
Is 118283 a composite number?
True
Is 209381 a composite number?
False
Is 2167 a prime number?
False
Is 1285021 a prime number?
True
Is 2899 composite?
True
Is 19351 prime?
False
Is 660157 composite?
False
Is 229435 composite?
True
Is 7789 composite?
False
Is 39371 composite?
False
Is 186391 a prime number?
True
Is 4661 prime?
False
Is 28007 prime?
False
Is 140759 prime?
True
Is 4073 a composite number?
False
Is 1277 a prime number?
True
Is 1263299 prime?
True
Is 10243 a composite number?
False
Is 20507 composite?
False
Is 276817 prime?
True
Is 9467 a prime number?
True
Is 23497 prime?
True
Is 142501 composite?
False
Is 5959 a composite number?
True
Is 83717 a prime number?
True
Is 82255 a prime number?
False
Is 147689 composite?
False
Is 223543 a prime number?
True
Is 41165 a composite number?
True
Is 3593 prime?
True
Is 39857 prime?
True
Is 11197 composite?
False
Is 1335431 a composite number?
False
Is 106883 prime?
False
Is 363985 composite?
True
Is 18119 prime?
True
Is 12587 prime?
False
Is 17557 a composite number?
True
Is 198851 a prime number?
True
Is 55291 a prime number?
True
Is 5137 prime?
False
Is 24197 a composite number?
False
Is 20199 a composite number?
True
Is 5017 prime?
False
Is 33227 a composite number?
True
Is 34003 a composite number?
True
Is 28493 composite?
False
Is 95614 a composite number?
True
Is 107993 a prime number?
False
Is 33107 a prime number?
True
Is 56591 composite?
False
Is 77137 a composite number?
False
Is 251327 a composite number?
True
Is 17891 prime?
True
Is 339917 composite?
True
Is 57047 a composite number?
False
Is 40909 a prime number?
False
Is 63715 a composite number?
True
Is 5981 composit